**2 - 11*l + 10. Let k be j(7). Let v(n) = -8*n + 357. Let z be v(-29). What is the greatest common divisor of z and k?
31
Let w(o) = 2*o**2 + 4*o - 5. Let q be w(-5). Let g be (-25)/(-35) + -20*2822/(-952). What is the highest common divisor of g and q?
5
Suppose 4*s + 224 = -2*o + 5*o, -5*o + 3*s + 366 = 0. Calculate the highest common factor of o and 225.
9
Suppose 231 = -6*b + 63. Let a be ((-30)/7)/(6/b). What is the highest common divisor of 90 and a?
10
Let h = 8 + 47. Let y be (-171)/18*(3 - -11). Let w = y - -144. What is the highest common divisor of w and h?
11
Let w be 4773/555 + 4/10. What is the greatest common factor of w and 477?
9
Let o = 632 - 646. Let q be (3 - (-1 - -6))/(o/490). Calculate the highest common factor of q and 630.
70
Let n = 268 + -273. Let v be (2/n)/(39/(-585)). Calculate the highest common factor of 30 and v.
6
Let y = 111 - 77. Suppose -28*h - 26*h + 15606 = 0. What is the greatest common divisor of y and h?
17
Let m be 65819/249*24/4. Calculate the highest common factor of m and 1220.
122
Suppose 2 = 3*g - 16. Let a be -4 - (6 + -13) - (-79 - 1). Suppose 3*p - 79 - a = 0. Calculate the greatest common factor of g and p.
6
Let g(n) = -n**2 + 16*n - 11. Let r be g(15). Suppose -r*u = 5*o - 2036, 3*o = -4*u + 1548 - 328. Calculate the highest common factor of 24 and o.
24
Let f = -225 + 222. Let q be (9 + 12/(-1))*2/f. Calculate the highest common factor of q and 3.
1
Let q be (40/2)/((-10)/(-200)*8). What is the highest common divisor of 3125 and q?
25
Let q(i) = -i**3 + 11*i**2 + 5*i - 53. Let c be q(11). Suppose 3*m + 11 = h, -5 - 15 = -c*h + 5*m. Calculate the highest common divisor of h and 19.
1
Suppose x + 5 = 0, -d + 3*x + 3 + 21 = 0. Calculate the highest common divisor of 1602 and d.
9
Suppose -15024 = -4*v - 2664. What is the greatest common factor of 18 and v?
6
Suppose 4*n - 3*n + 2*u - 504 = 0, -5*u = 10. Let s = n - 76. Calculate the greatest common factor of s and 27.
27
Suppose -77*p - 9121 = -15897. Suppose 195 = 2*g + 4*c - 3*c, 2*g - 207 = 3*c. What is the greatest common divisor of g and p?
11
Let j(g) = 2*g**2 - 14*g - 1114. Let y be j(32). What is the highest common divisor of 216 and y?
54
Suppose 4*m - 92 = 4*c, 0*m + 4 = m. Let p = c + 11. Let q be ((-51)/6)/(1/p). What is the highest common divisor of q and 102?
34
Suppose -4*q = -4, -4*q + 107 = t - 281. What is the highest common divisor of t and 72?
24
Let p = -696 - -1473. What is the highest common factor of p and 222?
111
Let c(m) = -6*m**3 - 206*m**2 + 5*m - 57. Let r be c(-35). Calculate the greatest common factor of 12 and r.
12
Suppose -38 = -6*r - 20. Suppose 0 = 15*b - 14*b + 1, 3*s - r*b - 60 = 0. What is the highest common factor of 95 and s?
19
Suppose 0 = -10*h + 17135 + 14575. Calculate the highest common factor of h and 42.
21
Let v be 3 - 6/4 - 1/(-2). Suppose -v*l + 3*g - 177 = -7*l, 111 = 3*l + 3*g. Suppose -4*s + s + l = 0. What is the greatest common divisor of s and 33?
11
Let w = 26 + -28. Let j be (w/(-1) - -1)/1. Suppose 2*i - 7*i - 2*o = -175, 5*o = 25. Calculate the highest common factor of j and i.
3
Let j = 11100 + -4048. Calculate the highest common factor of j and 492.
164
Let p = 244 - 81. Let y = p + -91. Suppose 324 = 5*d - f, -3*d + 2*d = -2*f - y. Calculate the highest common factor of d and 32.
32
Let d = 475 + -335. Let z = -131039 + 131139. What is the greatest common factor of z and d?
20
Let o = -2983 + 3908. Calculate the greatest common factor of 74 and o.
37
Let h(n) = n**2 - 3*n + 4. Let y be h(4). Suppose -3*v = -14*v + 77. Let q be (v/(-3) + 3)*(3 + 3). Calculate the highest common divisor of q and y.
4
Suppose 5*s + 10*s - 1452 - 8493 = 0. What is the greatest common factor of 1092 and s?
39
Let j = -8 + 13. Let f(g) = 344*g**2 + 11*g + 14. Let m be f(-2). Suppose v = m - 1358. Calculate the highest common factor of j and v.
5
Suppose -6240 = 32*q - 112*q. What is the greatest common factor of q and 78?
78
Suppose 3*z - 15 = -6 + 9. What is the highest common divisor of z and 4638?
6
Suppose 9*b + 2*v - 15610 = 0, -2530 + 792 = -b - 2*v. What is the greatest common divisor of b and 51?
51
Let s be 687/12 - (-3)/4. Let i be 257/4 - 162/72. Let z = i - s. Calculate the highest common divisor of 28 and z.
4
Suppose 0 = 10*m - 1197 - 1483. Let a = m - 218. Let f = 39 + -14. Calculate the highest common factor of a and f.
25
Suppose 0 = -3*c - 2*q + 87, -4*q = c + 4*c - 143. Let w = 41 - -11. Let s = w - c. What is the highest common factor of 42 and s?
21
Suppose -25*s + 139 = -1136. Calculate the greatest common factor of s and 119.
17
Let j = -9 - -13. Suppose 3*y + c + 92 = 4*y, j*c = y - 95. Let x = 22 + -9. Calculate the greatest common divisor of x and y.
13
Let c be (39/2)/(-8 - 99/(-12)). Suppose -3*p + 5*m + 90 = 0, -3*p + c = -0*p - m. Calculate the highest common divisor of 225 and p.
25
Suppose u + 2*u - u = 0. Suppose 7*t + 28 = -u*t. Let d be 3/2 - 70/t. What is the greatest common factor of d and 57?
19
Suppose -2*c - 3*c + 842 = 3*n, -5*n + c = -1450. Suppose -n*y + 283*y + 156 = 0. What is the greatest common factor of 39 and y?
13
Let z = -396 + 440. What is the highest common divisor of z and 1408?
44
Let g(a) = a**3 + 10*a**2 + 17*a + 52. Let z be g(-5). Calculate the greatest common divisor of 782 and z.
46
Let b be -6*((-2)/(-4))/(8/(-16)). Suppose 0 = -5*a - 2*h + 38, h + 41 = -16*a + 21*a. What is the highest common factor of b and a?
2
Suppose -33*z - 22*z - 10*z = -132860. What is the greatest common factor of 3358 and z?
146
Let h(f) = -f**3 - f**2 + 4*f + 60. Let u(d) = d**2 + d - 72. Let p be u(-9). Let m be h(p). Calculate the highest common divisor of 135 and m.
15
Let x = 2959 - -216. What is the highest common factor of x and 475?
25
Suppose 3*i - 33 + 18 = 0. Suppose -4*l + 8*l = 0, -440 = -5*q - i*l. Calculate the greatest common divisor of q and 286.
22
Let c be (0 + -2 + 4)/(2/471). Suppose 0 = 9*m + 39 - c. Suppose 16 = 2*f + 4. Calculate the highest common divisor of f and m.
6
Suppose 20 = 4*p, 4*h - 5*p + p = -4. Suppose -f = h*x - 47, -4*x - 11 = -5*x - f. Suppose 18*u + 18 = 20*u. What is the greatest common factor of u and x?
3
Let w(n) = -n**2 - 10*n - 1794 + 902 + 930. Suppose 5*x + 2 = -2*c, x + 36 + 4 = -4*c. Let r be w(c). What is the highest common divisor of r and 243?
27
Let j = 29 + -15. Suppose 15*y - j*y - 217 = 0. Calculate the highest common divisor of 31 and y.
31
Let s = -12107 + 12243. What is the highest common divisor of 1152 and s?
8
Suppose -23*i + 2101 - 949 = -1792. Calculate the highest common divisor of i and 10112.
128
Let f = 2908 + 22949. Calculate the greatest common factor of 13 and f.
13
Let f(h) = 35*h - 38. Let m(r) = -r - 10. Let b be m(-16). Let g be f(b). Calculate the highest common factor of g and 43.
43
Let c be (32 + -2)*(-2 - 312/(-65)). Suppose 2*l - 4*o = 52, 3*l - 92 = -l - 4*o. Calculate the greatest common factor of l and c.
12
Suppose 0*p + 52 = 4*m - 4*p, 0 = m + 5*p - 43. Suppose -42 = 3*t + 4*w - 316, 0 = -2*w + 2. What is the highest common divisor of t and m?
18
Let m = 896 + -848. Calculate the highest common divisor of 36 and m.
12
Suppose -9*c - 3*p - 158 = -13*c, 2*c + p = 74. Calculate the greatest common divisor of c and 72.
2
Let h be 4/(-6) + (-38)/(-3). Let f be 9/(63/(-14)) - (-4 - 106). Calculate the highest common divisor of f and h.
12
Suppose -22*y + 0*y = 5698 - 19954. What is the greatest common factor of 729 and y?
81
Suppose -111*y = -120*y + 1782. Calculate the highest common divisor of y and 4.
2
Suppose 95 + 443 = 2*k. Let f = 322 - k. What is the greatest common divisor of 1 and f?
1
Suppose k + 48 = 2*v, -5*k - 32 = -8*v + 6*v. Let g = v - 18. Let b(s) = s**3 - 5*s**2 - 8*s + 2. Let h be b(g). What is the greatest common factor of 52 and h?
26
Suppose 2*m - 20 = 4*w, 0*w + 3*w + 15 = -3*m. Suppose g + r - 96 = m, 96 = 7*g - 6*g + 5*r. Calculate the highest common divisor of g and 3.
3
Suppose 0 = -3*z + 7*z - 136. Let p be (-835)/(-17) + (-4)/z + 0. Suppose 0 = 3*v - g - 93, v - p = -v + 5*g. Calculate the highest common divisor of v and 8.
8
Let c = 21 - 11. Suppose 4*p + 357 = 3*q + 2*p, 133 = q - 3*p. What is the highest common factor of c and q?
5
Let c = 12771